of -d**6/120 + d**5/10 - d**4/24 + 7*d**3/6 + d**2. Let h be b(6). What is the tens digit of 11 + (0 - 1/h)?
1
Suppose 3*t - 2*t = -10. What is the units digit of (-6)/(-15) + (-126)/t?
3
Let m(a) = 21*a**2 + 7*a + 4. What is the tens digit of m(-2)?
7
Suppose 4*l = 8*l - 8. What is the units digit of 1/(l - 69/35)?
5
Suppose -3*i + 8 = 2*t, -1 = -2*i + 3. Let h(q) = q**2 + 6. Let l be h(0). What is the units digit of (-2)/l*(-2 - t)?
1
Suppose -4*a - 4 = 3*m - 3*a, -4 = -5*m + a. Let d be 2*1 - (m + 0). Suppose d = 4*y - 2. What is the units digit of y?
1
Let q(c) be the first derivative of c**4/4 - 8*c**3/3 + c**2 - 10*c + 2. What is the units digit of q(8)?
6
Let u = -5 - -2. Let a be ((-10)/(-6))/(u/(-9)). Suppose a*t - 11 = -4*q + 4*t, -3*q = t - 8. What is the units digit of q?
3
What is the units digit of (-1136)/(-40) + 4/(-10)?
8
What is the units digit of (6/(-8))/((-429)/(-216) + -2)?
4
Suppose 4*k = 3*z + 3*k - 62, 82 = 4*z - 2*k. Let g = z + -12. Suppose m - 21 = 4*i, 0 = 2*m + i + 2*i - g. What is the units digit of m?
9
Suppose 0*b + 4*b - 36 = 0. Suppose 5*j + 3*i = 11, -2*i - 14 = -5*j - 4*i. Let n = b - j. What is the units digit of n?
5
Let h(c) = -c**3 + c**2 - c + 1. Let t = 7 - 7. What is the units digit of h(t)?
1
Let k(u) = 6*u + u**2 - u - 4 - 4*u - 6*u. Suppose 3*g - 25 = -7. What is the units digit of k(g)?
2
Let z(w) = -2*w - 1. Let h be z(-1). Let b = 9 + -7. Suppose o - h = b. What is the units digit of o?
3
Let i be 2 - 5 - -2 - -3. Suppose -24 = i*o - 6*o. What is the units digit of o?
6
Suppose 0 = -5*q + 5*x + 620, 4*x = -2*q + 108 + 152. What is the hundreds digit of q?
1
Let p(c) = c**2 + c + 6. Let t be p(5). Suppose 3*x = -3 + t. What is the units digit of x?
1
Let v(j) = j**3 - 5*j**2 + 6*j - 5. Let z be v(4). Let f be (z + -2)*3 + -6. Let u(y) = y**2 - 3*y + 1. What is the tens digit of u(f)?
1
Let p be (4/(-6))/((-3)/9). Suppose 2*c = -10, -2*j + 4*c = p*c - 20. Suppose -j = -g - s - 1, -3*s = -5*g + 28. What is the units digit of g?
5
Let p be (3/(-2))/(5/(-10)). Suppose 0 = -3*q - 11 - 1, -3*v - p*q + 93 = 0. What is the tens digit of v?
3
Suppose 205 = 5*s - 2*m, -7*m = -2*m - 25. What is the units digit of s?
3
Let v(r) = -r**3 - 6*r**2 - 7*r + 2. Let k be v(-5). Let h be k/(-9)*(-4 - -1). Let m = 10 - h. What is the units digit of m?
6
Let z(i) = 2*i**2 + 2*i. What is the units digit of z(-2)?
4
Suppose 5*z = 3*u - 6, 0 = -5*z + 2*z - 4*u + 8. Suppose z*m = -5*m + 20. What is the units digit of m?
4
Suppose -2*h = 7 + 3. Let f = 15 + h. What is the tens digit of f?
1
Let i be ((-1)/(-3))/((-6)/(-90)). Suppose 0 = -i*v - r + 67, -3*r + 46 = 5*v - 25. What is the units digit of v?
3
Let m(p) = -p**2 + 4*p. Let f be m(6). Let z be f/(2 - 1)*-1. Suppose -2*y + 4*s - z + 48 = 0, -5*y + 80 = -5*s. What is the units digit of y?
4
Suppose 0 = 5*b + 56 - 341. What is the tens digit of b?
5
Let k(s) = s**3 + s**2 - s - 2. Let n be k(2). Suppose -q = -2*q + n. What is the units digit of q?
8
Let u(t) = -t**2 + 12*t - 11. What is the tens digit of u(9)?
1
Let g = 2 - -1. Suppose 5*p - v = -g, -3*v - 9 + 2 = p. Let n = p - -3. What is the units digit of n?
2
Let u(k) be the second derivative of -1/2*k**2 - 2*k + 0 + 1/12*k**4 + 0*k**3. What is the units digit of u(-3)?
8
Let r = 110 + -48. What is the units digit of r?
2
Suppose -287 = -r - 3*n, 564 - 17 = 2*r - 3*n. What is the tens digit of r?
7
Let s(w) = -2*w - 5. Let d be s(-4). Let r = 2 - 0. Suppose -d*k + 7*z + 34 = 2*z, 25 = r*k - z. What is the units digit of k?
3
Let n(c) = 13*c - 32. What is the tens digit of n(10)?
9
Let v be 1 - (-2)/(2 + -1). Suppose -5*b + b = -5*c - 39, -2*b + v*c + 19 = 0. What is the units digit of b?
1
Let q(j) = j - 2. Let f be q(5). Let g(x) = x - 2. Let o be g(0). Let c = f - o. What is the units digit of c?
5
Let o(x) = x**3 + 6*x**2 + x - 8. Let r be o(-6). Let m = r + 42. What is the tens digit of m?
2
Let q(h) be the third derivative of -5*h**4/24 - 7*h**3/6 - 4*h**2. What is the tens digit of q(-5)?
1
Let v(z) = z**2 + z - 9. Let f be v(-4). Suppose 0 = 6*q - f*q - 33. What is the units digit of q?
1
Suppose 2*a - 11 = -b + 3, -5*a + 2*b = -17. Suppose 4*c = -8, -n - 4*c - 12 = -3*n. Suppose 2*w - n = -5*h, -4*h - h + 30 = -a*w. What is the units digit of h?
2
Let h = 38 + 26. What is the tens digit of h?
6
Let a = 23 + -14. What is the units digit of a?
9
Let i = 527 + -342. What is the hundreds digit of i?
1
Let t be 1/((-3 + 0)/3). Suppose 5*j - 24 = 16. Let k = t + j. What is the units digit of k?
7
Let t(l) = l**2 + l - 4. Let g be t(-3). Suppose i = 3*p - 2, 0 = 3*i + i + 2*p + 36. Let c = g - i. What is the tens digit of c?
1
Suppose g + 2*i - 25 = -i, 4*i = 3*g - 10. Let c = g - 7. Suppose 5*z - 14 = -4*y, -c*z - 3 = 3*y - 15. What is the units digit of y?
6
Suppose -1 = 2*c - 9. What is the units digit of (4 + -6)*(-2)/c?
1
Let c(y) = -y**3 - 12*y**2 - 13*y - 9. What is the units digit of c(-11)?
3
Suppose 4*i - 4*a = a - 4, -3*a - 36 = 4*i. Suppose 0 = 5*c + 10, 3 - 56 = -3*p + 4*c. What is the units digit of (-9)/i + p/6?
4
What is the tens digit of ((-3)/((-36)/(-138)))/(2/(-36))?
0
Let l(w) = -w**3 + 10*w**2 + 17*w - 13. What is the units digit of l(11)?
3
Let u(z) = 5*z. Let g be u(8). Let d = g + -29. What is the units digit of d?
1
Suppose -4*o - 173 + 29 = 0. What is the units digit of 376/9 - 8/o?
2
Let b(z) = z**2 - 2*z + 2. Let t be b(2). Suppose g = t*g - 6. Suppose -g = 3*c - 4*c. What is the units digit of c?
6
Suppose 4*p = 4*l - 0*l - 1324, -5*l + 4*p + 1653 = 0. What is the units digit of l?
9
Let d be (-4)/5*(0 + -5). Let b(i) = -i**2 + 7*i - 6. What is the units digit of b(d)?
6
Let l(j) = j**3 + j**2 - j. Let u be l(0). Suppose 3*i - 3*h = 2*i + 6, -3*h - 3 = u. What is the units digit of i?
3
Suppose -2*p + 24 = -5*s, -s = p + 2*s + 10. Let n(u) = u - 2*u**3 - 1 - p*u**3 + 8*u**3 - u**2. What is the units digit of n(1)?
3
Let v = 0 - -2. Suppose 9 = v*d + 3. What is the units digit of d?
3
Suppose 3*y + h = 11, 6*h - 6 = 3*h. Suppose y*r + 0 = -3. Let b = 3 + r. What is the units digit of b?
2
Let r = 68 + -45. What is the units digit of r?
3
Let f be (-4)/18 - 52/9. Let d = f + 6. Let t = 20 + d. What is the tens digit of t?
2
Suppose 4*n - 3*v = 31, 0*n = n + 4*v + 16. Let q = 4 + n. Let c = q + -6. What is the units digit of c?
2
Let s(p) = p**3 - 2*p**2 - 2*p - 5. What is the units digit of s(4)?
9
Suppose -3*f - 9 = 3*v, v = f + 2*f - 3. Suppose f - 2 = -l. What is the units digit of l?
2
Suppose 10 + 5 = -i. What is the tens digit of (3 - i - -1)*1?
1
Suppose 4*t + 25 = -t, 5*r = -4*t. Suppose 0 = -5*b + 30 + 25. Suppose -3 = r*i - b. What is the units digit of i?
2
Suppose 0 = 2*l + 78 - 22. Let a = -16 - l. What is the units digit of a?
2
Suppose 46 = -3*w + 5*w. What is the tens digit of w?
2
Let h be 4*(170/8)/5. Let q = 50 - h. Suppose 2*o - 12 = t + 15, -t + q = 3*o. What is the units digit of o?
2
Suppose 7*d - 12 = 3*d. What is the units digit of d?
3
Suppose -s + 209 - 20 = 0. What is the tens digit of 2/5 - s/(-15)?
1
Suppose 4*v = 3*h - 64, -2*v - h = -6*v - 64. Let w = v - -27. What is the units digit of w?
1
Suppose r - 4*r + 128 = 2*m, -2*m - 2*r = -130. What is the units digit of m?
7
Let m = 22 - -6. What is the tens digit of m?
2
What is the tens digit of (-73)/((-4)/(-2)*1/(-2))?
7
Suppose -3 = -3*j + 24. What is the units digit of j?
9
Let f(t) = t**3 - 5*t**2 + 3. Suppose -5*s = -16 - 9. Let o be f(s). Suppose 2*i - 2*p = 6, -3*i + 2*p + o*p + 7 = 0. What is the units digit of i?
4
Suppose -2*n = -4*v - 0*v - 64, 0 = -v + 3. What is the tens digit of 1/(0 + 2/n)?
1
Suppose 4*u - 13 - 3 = 0. Suppose u*h = -h + 90. What is the units digit of h?
8
Let k be 1/((-1)/(-2)) + 5. Let z = k - 11. Let q = 14 - z. What is the tens digit of q?
1
Let v(l) = 2*l**2 + 3*l + 4. Let y be v(-2). What is the tens digit of 10 - ((1 - y) + 2)?
1
Suppose -10*o + 1528 = -2*o. What is the tens digit of o?
9
Let v(x) = 2*x - 22. What is the tens digit of v(18)?
1
Suppose 39 = -0*a + 3*a. Suppose 5*d = 4*k + 1, 2*k - 5*d = -a - 0. Let o(w) = -w**2 + 8*w - 9. What is the units digit of o(k)?
3
Suppose -6 = 4*w + 3*v, 3*w - 2*v = 4 - 0. Suppose -i + 3 = w, 62 = 5*g + 5*i - 108. What i